when 2 is divided by a(t)?
0
Let w(a) = -a**2 + 6*a. Let o be w(6). Suppose o = 2*p - 34 - 16. Suppose 0*n = n - p. What is the remainder when n is divided by 9?
7
Suppose 2*h = 6*h. Suppose -4*g + 11 = w, -2*w - 2*w + 4*g = -64. Suppose h*z = -z + w. What is the remainder when 29 is divided by z?
14
Suppose -2*t = -t - 11. Let g = t + 0. What is the remainder when g is divided by 1*-2*(-2 + -1)?
5
Let v = 41 + -24. Let b = -14 + 10. Let r = 2 - b. Calculate the remainder when v is divided by r.
5
Let c = 3 - 1. What is the remainder when 23 is divided by ((-5)/3 + c)*24?
7
Calculate the remainder when 1*(6*2 - 1) is divided by 7.
4
Let c(x) = x**3 + 2*x**2 - x + 3. Let z be c(-3). Let s(d) = -d**2 + 12*d - 4. What is the remainder when s(8) is divided by -2 - 6*6/z?
8
Suppose 3*y = 2*y + 3. Suppose -2*l + 0*l + 4*i = -38, -y*l = -2*i - 49. What is the remainder when 58 is divided by l?
13
Suppose -4*n + 36 = 2*l, -l + 18 = 5*n - 4*n. Calculate the remainder when 29 is divided by l.
11
Let d = 42 - 21. Calculate the remainder when 81 is divided by d.
18
Let m(s) = -s**2 + 10*s - 1. Let w be m(10). Calculate the remainder when 48 is divided by 1*(w + 6*3).
14
Suppose 0 = -4*j + u + 72, -3*j + 2*u = 2*j - 90. Suppose 3*s - j - 153 = 0. What is the remainder when s is divided by 30?
27
Suppose 6 = 3*q, -26 = -g - 4*q - 0. Suppose g = -2*t - t. What is the remainder when (-286)/t + (-4)/6 is divided by 16?
15
Let j = 14 - 10. Let a = -37 - -57. Suppose a + 2 = 2*x. What is the remainder when x is divided by j?
3
Suppose -2*h + 54 = -h. Suppose 2*k = 4*k - h. Let r = k + -14. What is the remainder when 38 is divided by r?
12
Let r = -14 - -27. Calculate the remainder when r is divided by 4.
1
Suppose 2*b = 7*b - 155. Let u = -12 + b. Calculate the remainder when 73 is divided by u.
16
Let r(l) = -25*l - 9. Let j be r(-6). Suppose -11 = -4*f + j. What is the remainder when f is divided by 10?
8
Suppose -17 = -l + 29. Suppose -l = 2*z - 4*z. What is the remainder when z is divided by 12*(-4)/(-18)*3?
7
What is the remainder when 47 is divided by 2/(-1 + 7/6)?
11
Suppose 28 = 4*k - 3*k. Let d = -11 + 21. Calculate the remainder when k is divided by d.
8
Let h(z) = 2*z**2 - 3*z - 10. What is the remainder when 133 is divided by h(-4)?
31
Suppose 2*h - 16 = -4*p + 26, -4*p + 3*h + 67 = 0. Suppose -k - 3 + 10 = 0. What is the remainder when p is divided by k?
6
Let b be 3/(-1 - -7)*-32. Calculate the remainder when (4/8)/((-2)/b) is divided by 3.
1
Suppose 5*b - 2*v - 192 = -v, -5*b - v + 188 = 0. What is the remainder when b is divided by 20?
18
Suppose 0 = -2*d + 7*d - 4*b - 154, 0 = 2*d + 4*b - 84. Calculate the remainder when d is divided by 1/2 - 70/(-4).
16
Suppose 0 = 5*s + 5 + 10, 3*z - s - 69 = 0. What is the remainder when 86 is divided by z?
20
Let n = 22 + 9. Let g(q) = -q**2 + q. Let k be g(1). Suppose k = -5*t + 60 - 5. Calculate the remainder when n is divided by t.
9
Let g be (-2)/2 + 0 - -1. What is the remainder when 64 is divided by -22*(-1)/(g + 1)?
20
Let o = 5 + 0. Suppose -k = -o, -d - 3*k - k = -43. What is the remainder when d is divided by 12?
11
Let t(l) = l**2 + 1. Let w be t(2). Let n(v) = v**2 + v - 8. Calculate the remainder when n(w) is divided by 8.
6
Suppose 3*r = 3*d + 51, 40 = -2*r + 4*r - 4*d. Suppose 2*g + r = 3*n, 4*n - g - 9 - 18 = 0. What is the remainder when n is divided by 5?
3
Let q = 1 - -1. Suppose q*v = 3*v - 5. Suppose 3*r - 13 = 4*s, -2*r + 0*s + 10 = -4*s. Calculate the remainder when v is divided by r.
2
Calculate the remainder when (-105)/(-2)*(-8)/(-12) is divided by 19.
16
Suppose 3 = 2*m - 3. Suppose m*w + 8 = 7*w. Let y(z) = z**3 - 6*z**2 + 4. Calculate the remainder when y(6) is divided by w.
0
Let r be 1/((-3)/(-21)) + -2. Let t(h) = -h**3 + 6*h**2 - 2*h - 5. Calculate the remainder when 22/(1 - 0) - 3 is divided by t(r).
9
Let g = 5 - -22. What is the remainder when g is divided by 5 - ((-6)/3 + 0)?
6
Let a(s) = s**3 + 12*s**2 - 3*s - 3. Let p be a(-12). Calculate the remainder when -1*(-3 - p) + -4 is divided by 9.
5
Let q(f) = 17*f + 2. Calculate the remainder when 35 is divided by q(1).
16
Suppose 4*n + 880 = 9*n. What is the remainder when n is divided by 60?
56
Let x = 3 + -1. Suppose -5*r + 2*r - 4*g = 33, 0 = 4*r + x*g + 34. Let y(c) = c**2 + 6*c - 6. Calculate the remainder when 2 is divided by y(r).
0
Suppose 0 = 3*u - 9*u + 150. Calculate the remainder when u is divided by 4/10 - (-86)/10.
7
Let h = 8 - -3. Let d(s) = -s**3 + 12*s**2 - 12*s + 14. Let k be d(h). Suppose 2*r = -10, k*c - 50 = -r - r. Calculate the remainder when c is divided by 7.
6
Suppose -2*d = d - 75. Calculate the remainder when d is divided by 9/(-3) - 2*-5.
4
Let r = 120 + -88. What is the remainder when 57 is divided by r?
25
Suppose 63 = 3*v + 3*c, 2*v + 0*c = 3*c + 47. Let f = v - 17. Calculate the remainder when 7 is divided by f.
2
Let i(h) = h**2 + 6*h + 7. Suppose -2*c + 2*w - 56 = 0, c - 3*c - 71 = -5*w. Let l = c + 34. Calculate the remainder when l is divided by i(-6).
4
Let x = 8 + -8. Suppose 2*a + 1 - 47 = x. Suppose -a = -0*h - h. What is the remainder when h is divided by 12?
11
Let z(s) = 2*s - 26. Let i be z(13). Suppose i*y - 28 = -2*y. What is the remainder when y is divided by 5?
4
Let p(c) = 7*c**2 + c - 1. What is the remainder when 43 is divided by p(-1)?
3
Let j = 10 - -16. Let o = j - 14. What is the remainder when 35 is divided by o?
11
Let r = 23 - 8. Let v = r + 33. Suppose -v = p - 5*p. What is the remainder when 23 is divided by p?
11
Suppose -174 = -4*b - 98. What is the remainder when 37 is divided by b?
18
Suppose 0 = 3*a - 5*a + q - 3, -2*q = -10. Let g = -1 - a. Let o(u) = -6*u - 2. What is the remainder when o(g) is divided by 6?
4
Let q be (-16)/(-24) + 16/(-6). Let c be 84/49 + q/(-7). Suppose -5*g + 24 = c*u, 4*u + u + g = 60. Calculate the remainder when 35 is divided by u.
11
Suppose 2*l - 2 - 20 = 0. Calculate the remainder when 25 is divided by l + (-7)/(7/(-2)).
12
Suppose 2*g + 5*l = 6*g - 473, 3*g = 4*l + 356. Calculate the remainder when 21 is divided by 2/3 + g/21.
3
Let h = 79 + -113. What is the remainder when 1/(-2)*h + 0 is divided by 11 - 2/2*1?
7
Suppose 3*s = d + 31, -15 + 39 = 2*s + d. Let t(k) = k + 164. Let a be t(0). Calculate the remainder when ((-2)/(-4))/(2/a) is divided by s.
8
Suppose 31 = u - 17. Let i(c) = c**3 + 6*c**2 - 5*c - 13. What is the remainder when u is divided by i(-6)?
14
Let s(u) = u**2 - u + 4. Calculate the remainder when -5 + (25/(-1))/(9/(-18)) is divided by s(5).
21
Let t be 2/(-8) + 25/4. Let m be (-4)/(-8)*-62*-1. Let p = t + m. Calculate the remainder when p is divided by 13.
11
Let s = 201 - 124. Let k be 4/14 - 472/(-14). Let b = s - k. What is the remainder when b is divided by 15?
13
Let d = -2 - 0. Let g = 11 + 19. Calculate the remainder when g is divided by (d + (-28)/(-6))*3.
6
Suppose -5 = -2*z + 15. Let s(k) = 4 + 4*k - 4 + 2*k**2 - 2. Calculate the remainder when s(3) is divided by z.
8
Let k = 14 + -6. Suppose 3*s - 23 = -4*u, 3*s + 5*u - 18 = 2*u. What is the remainder when ((-23)/(-2))/(s/2) is divided by k?
7
Let h(n) = -n**3 + n + 3. What is the remainder when 42 is divided by h(-2)?
6
Let j(t) = -t**2 + 4*t + 2. Let n be j(4). Suppose 3*o = -n*o - 125. Let u = o + 36. What is the remainder when u is divided by 4?
3
Let b be (-2)/3 + (-19)/3. Let f(v) = -v**3 - 8*v**2 - 6*v + 10. Let p be f(b). Suppose -p*u + 2*u = -64. Calculate the remainder when u is divided by 22.
20
Suppose -2*a = 4*l - 126, -33 = -a - 4*l + 8*l. What is the remainder when a is divided by 18?
17
Suppose -2*q - u = 24, 5*q - 5*u + 86 = -4. Let f = q - -23. Suppose 0 = -4*w - 8, -7*v + 2*v + 21 = -3*w. What is the remainder when f is divided by v?
0
Suppose -d - 4 = -1. Let n(v) = v**3 + 6*v**2 - 5*v - 8. What is the remainder when n(-6) is divided by d/(-3) + 12 + -1?
10
Suppose m = 2 + 2. Calculate the remainder when 19 is divided by m.
3
Suppose 0 = 3*h - 48 + 207. Let p = h - -90. What is the remainder when p is divided by 13?
11
Suppose -4*o - 100 = -9*o. Suppose 2*g = 7*g - 10. Suppose -3*u = -x + 17, 2*u - 6*u = -g*x + 30. What is the remainder when o is divided by x?
9
Suppose -3*z = 7 + 14. Let a = 22 + z. What is the remainder w